mmon divisor of j and 90.
18
Let a = 242 + -240. Suppose 3*g = -a*g + y + 60, 5*y = -4*g + 48. Let q be -4 + 2/1 + 62. Calculate the greatest common divisor of g and q.
12
Let b = 6100 + -6091. Suppose 21*g - 27 = 18*g. What is the highest common divisor of b and g?
9
Let d(o) = 22*o - 106. Let b(f) = 23*f - 104. Let s(q) = 6*b(q) - 5*d(q). Let x be s(13). What is the greatest common divisor of 10 and x?
10
Let a(l) = 251*l - 2 + 2*l**2 - 2 - 257*l. Let m be a(3). Let d be 2*2*(-45)/m. Calculate the highest common divisor of 9 and d.
9
Let q(i) = -32*i + 15. Let p be q(8). Let c = p + 247. What is the highest common divisor of c and 66?
6
Let r = 53 + -52. Let y be ((20/(-12))/(-5))/(r/9). Suppose 0 = -0*t + y*t - 165. What is the highest common divisor of t and 11?
11
Suppose -736 = 15*p + 10*p - 2011. What is the highest common divisor of 272 and p?
17
Let v be -8 + (-11)/(-1) - (-1329 - 0). Suppose -d + v = 11*d. What is the highest common factor of 259 and d?
37
Let s = -628 - -670. Suppose -28*j - 182 = -s*j. What is the highest common divisor of 1 and j?
1
Let g be 24/36 - 100/6. Let b be (6 + -11)*(g - -2). Let j = 347 - 312. What is the greatest common divisor of b and j?
35
Suppose -3*u + 4*f = -1939, 0 = -23*u + 28*u - f - 3243. What is the highest common factor of u and 33?
11
Let w = -247 + -117. Let h = w + 634. What is the highest common factor of h and 12?
6
Suppose -2*i + 4*n + 6 = i, 0 = -i - 4*n + 2. Let h be (10/3 - i)/(14/210). Let u be h*-6*6/(-9). What is the greatest common divisor of 20 and u?
20
Suppose 4*n + 41 = 161. Let c(v) = -39*v**3 + 5*v**2 + 4*v. Let f be c(-1). What is the greatest common divisor of n and f?
10
Suppose -2*x - 1045 = 3*x - g, -g = 2*x + 411. Let h = 103 + x. Let m be (h/(-2))/(6/8). What is the greatest common divisor of 20 and m?
10
Suppose -f = 5*g - 4511, 64*f - 1803 = -2*g + 65*f. What is the greatest common divisor of 123 and g?
41
Suppose -z - 54 - 21 = -5*n, 55 = 5*n + 3*z. Suppose -869 = 3*h - n*h. Calculate the highest common divisor of 1027 and h.
79
Suppose 10656 = 6793*w - 6775*w. What is the highest common factor of 24 and w?
8
Let o = -85 - -100. Let t be (-5)/o + 2 + (-43)/(-3). What is the highest common factor of t and 56?
8
Suppose -2*c + 3*q - 982 = -2817, 0 = 4*c + 5*q - 3615. Let b = c - 460. What is the greatest common divisor of 18 and b?
18
Suppose -3*i + 19 = -4*l, -3*l - 3 = 2*i - 10. Suppose -3*p + i = -4. Calculate the greatest common divisor of p and 9.
3
Suppose -3*z + 6376 + 815 = 3*w, 5*w - 5*z - 11935 = 0. Calculate the highest common factor of w and 104.
104
Suppose -9135 + 7119 = -4*q. What is the highest common divisor of 288 and q?
72
Let n = -2883 - -3917. What is the greatest common divisor of n and 55?
11
Suppose 0 = 17*v + 7 - 75. Suppose -19 = -2*z - 3*q, z - 29 = -3*z + 3*q. Let p = 36 - z. Calculate the greatest common factor of p and v.
4
Suppose 114*u - 18578 - 31012 = 0. What is the highest common divisor of 95 and u?
5
Let g(o) = -2*o**2 + 34*o - 63. Let u = -363 + 377. Let b be g(u). What is the highest common divisor of 840 and b?
21
Suppose 2*b - 4 = 0, 3*b - 8*b = -h + 50. Suppose 593 - 1953 = -17*x. What is the highest common divisor of x and h?
20
Let v(a) = -6*a**2 - 4*a**2 + 3*a**3 + 5 + 3*a**2 - 2*a**2 + 25*a. Let z be v(4). Calculate the greatest common factor of 36 and z.
9
Suppose c - 135 = -0*c. Let d = 752 + -730. Let i(m) = 2*m**2 - 35*m - 144. Let t be i(d). Calculate the greatest common factor of c and t.
27
Suppose 5*l - 390 = -2*g, -17*g - l - 188 = -18*g. Calculate the highest common divisor of 209 and g.
19
Let x = -454 - -494. Suppose -5*b - 2*i = 2*i - 36, -3*i = -3*b. Let l(w) = 9*w - 6. Let k be l(b). Calculate the greatest common divisor of x and k.
10
Suppose -109*g - 71*g = -44*g - 428264. Calculate the greatest common divisor of 94 and g.
47
Let a(f) = -7*f**2 + 452*f + 162. Let y be a(63). Calculate the highest common factor of 95 and y.
95
Suppose -4*w - 5 = -2*n + 5, 0 = 5*n - w - 16. Suppose -3*b = -n*m + 48, 2*m - 13 = -2*b + 3. What is the highest common divisor of m and 492?
12
Suppose -688 = -5*r - 238. Let n = r + -63. Calculate the highest common divisor of 216 and n.
27
Let a(r) = 724*r**2 - 997*r - 5. Let l be a(6). Calculate the greatest common divisor of l and 17.
17
Let g(s) = 73*s**2 + 362*s. Let k = 1003 + -1008. Let d be g(k). What is the greatest common divisor of d and 5?
5
Suppose 114*s - 102275 = 15*s - 28124. What is the highest common factor of 1712 and s?
107
Suppose 2281*q = 2292*q - 1177. Calculate the highest common divisor of q and 3.
1
Suppose -5*x - 9110 = -5*z, 3*x + x + 8 = 0. Suppose -1819*n - 1007 = -z*n. Calculate the greatest common divisor of n and 19.
19
Suppose 29079 + 11353 = 8*u. Calculate the greatest common factor of 38 and u.
38
Let o(a) = -4*a - 6. Let r be o(-3). Let q = 1085 + -983. Calculate the highest common divisor of r and q.
6
Suppose 4*u + w - 4*w - 1287 = 0, 2*u + 3*w - 657 = 0. Suppose -9*f + 5*f = u. Let i = f + 93. Calculate the greatest common divisor of i and 60.
12
Let m be ((-20976)/(-432) + -49)*(-513)/2. Suppose -4*l = -l - 9. Suppose 2*t = -l*t + 190. What is the highest common factor of t and m?
38
Let f = -8884 - -8896. What is the greatest common divisor of f and 106?
2
Let m = -1793 - -1796. Let t(j) = j**2 - 11*j - 2. Let p be t(11). Let l(b) = b**2 - 2. Let o be l(p). Calculate the greatest common divisor of m and o.
1
Let h = -3248 + 3263. Calculate the highest common factor of h and 365.
5
Let g(x) = -x + 2. Let t be g(-3). Let b(n) = n**2 - 2*n + 5. Let r be b(t). Let u = 35003 - 34913. Calculate the highest common factor of u and r.
10
Let l = 38 - 38. Suppose -184*t + 187*t - 123 = l. What is the greatest common factor of 574 and t?
41
Let f(s) = 44*s**3 - 43*s**3 + 32*s - 12 + 19*s**2 - 7. Let u be f(-17). Calculate the highest common factor of 35 and u.
5
Let v be 1 - (-6 + -20) - 7. Let k = -511 - -971. What is the highest common divisor of k and v?
20
Let y(p) = 5*p - 21. Let f be y(8). Let x = f - -13. Suppose -x + 109 = 7*i. Calculate the greatest common divisor of i and 22.
11
Let z be (-60)/(-8)*((-32)/(-3) - 8). Calculate the greatest common factor of 1115 and z.
5
Suppose 3939 = 14*z + 119*z + 82. What is the greatest common factor of 928 and z?
29
Let c(x) = -x**3 + 27*x**2 + 28*x + 3. Let r be c(28). Suppose r = -3*v + 21. What is the greatest common divisor of 60 and v?
6
Let z(m) = -7*m + 7. Let n be z(0). Let l be n - (12/(-14))/(-2)*7. Suppose k = x + 17, 0*x - l*x = 3*k - 51. Calculate the greatest common divisor of k and 34.
17
Let q(j) = j**3 - 102*j**2 - 106*j + 558. Let h be q(103). What is the greatest common factor of 15 and h?
3
Let q be (12207/273 - 45)/(4/(-686)). Let r = 8 + -1. Calculate the highest common factor of q and r.
7
Let y = 164 + -58. Suppose -y = -2*c - 88. Suppose 3*v + c = 2*u - 12, 0 = -2*u - 4*v. What is the highest common divisor of 66 and u?
6
Let p = 3298 + -733. Suppose 11*r = 2*r + p. What is the highest common factor of 45 and r?
15
Let k(a) = 12*a - 307. Let v be k(26). What is the greatest common divisor of 535 and v?
5
Let b = -50 - -55. Suppose 12*n - 272 = -b*n. What is the highest common factor of 304 and n?
16
Let z = 55279 + -33039. What is the highest common divisor of z and 10?
10
Suppose 5*w = 3*f + 6 + 13, w = 5. Suppose 4*o = -2*n + 292, n = o + f*o - 214. Calculate the greatest common factor of 6 and o.
6
Suppose -2*w + 437 = -5*l + 627, w = 5. Calculate the greatest common factor of 1540 and l.
20
Let m(j) = 308*j - 5696. Let n be m(19). Calculate the highest common factor of 5724 and n.
12
Let h(l) = 7*l**2 + 81*l - 992. Let v be h(-20). What is the greatest common divisor of v and 8?
4
Suppose -5*o + 41 = 4*r, -4*o - 29 = -r - 9*o. Let i be (((-1071)/(-14))/17)/(2/4). Suppose -i*v + 2 + 25 = 0. What is the greatest common divisor of r and v?
1
Suppose 9*d = -2*d + 33. Suppose 6*q - 27 = d*q. Let k be -3 + (-1 + 0)*-1*q. What is the greatest common divisor of k and 27?
3
Let s(u) = 17*u**2 + u - 10. Let h be s(3). Let t = -49 + h. Let a = t + -69. What is the highest common factor of 56 and a?
28
Let t(x) = 26*x**2 - 44 - 42*x**2 + 17*x**2 + 7*x. Let o be t(5). Calculate th